{"id":11,"date":"2023-10-16T11:05:13","date_gmt":"2023-10-16T09:05:13","guid":{"rendered":"https:\/\/metallerie.jouve-jl-et-fils.com\/?page_id=11"},"modified":"2023-10-17T17:20:38","modified_gmt":"2023-10-17T15:20:38","slug":"lentreprise","status":"publish","type":"page","link":"https:\/\/metallerie.jouve-jl-et-fils.com\/index.php\/lentreprise\/","title":{"rendered":"L&rsquo;entreprise"},"content":{"rendered":"\t\t<div data-elementor-type=\"wp-page\" data-elementor-id=\"11\" class=\"elementor elementor-11\">\n\t\t\t\t<div class=\"elementor-element elementor-element-f85bdce e-flex e-con-boxed e-con e-parent\" data-id=\"f85bdce\" data-element_type=\"container\" data-e-type=\"container\">\n\t\t\t\t\t<div class=\"e-con-inner\">\n\t\t\t\t<div class=\"elementor-element elementor-element-975ef9d elementor-widget elementor-widget-heading\" data-id=\"975ef9d\" data-element_type=\"widget\" data-e-type=\"widget\" data-widget_type=\"heading.default\">\n\t\t\t\t<div class=\"elementor-widget-container\">\n\t\t\t\t\t<h1 class=\"elementor-heading-title elementor-size-default\">Comment un r\u00eave d\u2019enfant change la vie d\u2019une famille ?<\/h1>\t\t\t\t<\/div>\n\t\t\t\t<\/div>\n\t\t\t\t\t<\/div>\n\t\t\t\t<\/div>\n\t\t<div class=\"elementor-element elementor-element-ba66895 e-flex e-con-boxed e-con e-parent\" data-id=\"ba66895\" data-element_type=\"container\" data-e-type=\"container\">\n\t\t\t\t\t<div class=\"e-con-inner\">\n\t\t\t\t<div class=\"elementor-element elementor-element-5bc0a5d elementor-widget elementor-widget-heading\" data-id=\"5bc0a5d\" data-element_type=\"widget\" data-e-type=\"widget\" data-widget_type=\"heading.default\">\n\t\t\t\t<div class=\"elementor-widget-container\">\n\t\t\t\t\t<h2 class=\"elementor-heading-title elementor-size-default\">Les Abris Mobiles<\/h2>\t\t\t\t<\/div>\n\t\t\t\t<\/div>\n\t\t\t\t\t<\/div>\n\t\t\t\t<\/div>\n\t\t<div class=\"elementor-element elementor-element-eb667d3 e-flex e-con-boxed e-con e-parent\" data-id=\"eb667d3\" data-element_type=\"container\" data-e-type=\"container\">\n\t\t\t\t\t<div class=\"e-con-inner\">\n\t\t\t\t<div class=\"elementor-element elementor-element-9277908 elementor-widget elementor-widget-text-editor\" data-id=\"9277908\" data-element_type=\"widget\" data-e-type=\"widget\" data-widget_type=\"text-editor.default\">\n\t\t\t\t<div class=\"elementor-widget-container\">\n\t\t\t\t\t\t\t\t\t<p>Il a fallu attendre plus de 30 ans pour que les conditions id\u00e9ales soient r\u00e9unies pour que le r\u00eave d&rsquo;avoir \u00e0 un cheval \u00e0 la maison se concr\u00e9tise pour Sandrine, la m\u00e8re de famille. L&rsquo;arriv\u00e9e de Dj\u00e9lia, une jument trotteuse de 6 ans, a \u00e9t\u00e9 le point de d\u00e9part de cette transformation dans la vie professionnelle de la famille. Pour accompagner le cheval dans ses rotations de p\u00e2ture sans avoir \u00e0 construire plusieurs abris, Jean-Louis, le p\u00e8re, a invent\u00e9 un abri tractable, marquant ainsi le d\u00e9but de leur aventure.<\/p>\t\t\t\t\t\t\t\t<\/div>\n\t\t\t\t<\/div>\n\t\t\t\t\t<\/div>\n\t\t\t\t<\/div>\n\t\t<div class=\"elementor-element elementor-element-a7c8355 e-flex e-con-boxed e-con e-parent\" data-id=\"a7c8355\" data-element_type=\"container\" data-e-type=\"container\">\n\t\t\t\t\t<div class=\"e-con-inner\">\n\t\t\t\t<div class=\"elementor-element elementor-element-8ae4baa elementor-widget elementor-widget-text-editor\" data-id=\"8ae4baa\" data-element_type=\"widget\" data-e-type=\"widget\" data-widget_type=\"text-editor.default\">\n\t\t\t\t<div class=\"elementor-widget-container\">\n\t\t\t\t\t\t\t\t\t<p>Apr\u00e8s avoir travaill\u00e9 dans divers domaines, Jean-Louis JOUVE, un autodidacte passionn\u00e9 par la construction, la soudure et la m\u00e9canique, a d\u00e9pos\u00e9 un brevet en 2000 pour un abri tractable pour animaux avec une armature m\u00e9tallique et un habillage en bois. En 2001, il a commenc\u00e9 la fabrication et la commercialisation des abris mobiles de prairie en tant qu&rsquo;entreprise individuelle, aux c\u00f4t\u00e9s de son \u00e9pouse, Sandrine.<\/p>\t\t\t\t\t\t\t\t<\/div>\n\t\t\t\t<\/div>\n\t\t\t\t<div class=\"elementor-element elementor-element-2aeb79a elementor-widget elementor-widget-text-editor\" data-id=\"2aeb79a\" data-element_type=\"widget\" data-e-type=\"widget\" data-widget_type=\"text-editor.default\">\n\t\t\t\t<div class=\"elementor-widget-container\">\n\t\t\t\t\t\t\t\t\t<p>Au fil du temps, ils ont r\u00e9ussi \u00e0 s&rsquo;imposer sur le march\u00e9 \u00e9questre dans la niche des abris mobiles de prairie.<\/p>\t\t\t\t\t\t\t\t<\/div>\n\t\t\t\t<\/div>\n\t\t\t\t\t<\/div>\n\t\t\t\t<\/div>\n\t\t<div class=\"elementor-element elementor-element-fb432a6 e-flex e-con-boxed e-con e-parent\" data-id=\"fb432a6\" data-element_type=\"container\" data-e-type=\"container\">\n\t\t\t\t\t<div class=\"e-con-inner\">\n\t\t\t\t<div class=\"elementor-element elementor-element-1fd5a44 elementor-widget elementor-widget-heading\" data-id=\"1fd5a44\" data-element_type=\"widget\" data-e-type=\"widget\" data-widget_type=\"heading.default\">\n\t\t\t\t<div class=\"elementor-widget-container\">\n\t\t\t\t\t<h2 class=\"elementor-heading-title elementor-size-default\">La m\u00e9tallerie<\/h2>\t\t\t\t<\/div>\n\t\t\t\t<\/div>\n\t\t\t\t\t<\/div>\n\t\t\t\t<\/div>\n\t\t<div class=\"elementor-element elementor-element-2cbf6cc e-flex e-con-boxed e-con e-parent\" data-id=\"2cbf6cc\" data-element_type=\"container\" data-e-type=\"container\">\n\t\t\t\t\t<div class=\"e-con-inner\">\n\t\t\t\t<div class=\"elementor-element elementor-element-f16c23d elementor-widget elementor-widget-text-editor\" data-id=\"f16c23d\" data-element_type=\"widget\" data-e-type=\"widget\" data-widget_type=\"text-editor.default\">\n\t\t\t\t<div class=\"elementor-widget-container\">\n\t\t\t\t\t\t\t\t\t<p>Apr\u00e8s avoir observ\u00e9 le travail du fer et du bois dans l&rsquo;atelier familial, accompagn\u00e9 ses parents lors des livraisons et des salons, Romain, le fils, a fait un stage dans une m\u00e9tallerie et a d\u00e9cid\u00e9 de pr\u00e9parer un CAP de m\u00e9tallier chez Les Compagnons du Devoir.<\/p>\t\t\t\t\t\t\t\t<\/div>\n\t\t\t\t<\/div>\n\t\t\t\t<div class=\"elementor-element elementor-element-556720a elementor-widget elementor-widget-text-editor\" data-id=\"556720a\" data-element_type=\"widget\" data-e-type=\"widget\" data-widget_type=\"text-editor.default\">\n\t\t\t\t<div class=\"elementor-widget-container\">\n\t\t\t\t\t\t\t\t\t<p>En 2007, Romain a rejoint l&rsquo;entreprise familiale apr\u00e8s avoir obtenu son dipl\u00f4me en m\u00e9tallerie. Il a ajout\u00e9 l&rsquo;activit\u00e9 de m\u00e9tallerie traditionnelle \u00e0 celle de ses parents.<\/p>\t\t\t\t\t\t\t\t<\/div>\n\t\t\t\t<\/div>\n\t\t\t\t<div class=\"elementor-element elementor-element-570d45d elementor-widget elementor-widget-text-editor\" data-id=\"570d45d\" data-element_type=\"widget\" data-e-type=\"widget\" data-widget_type=\"text-editor.default\">\n\t\t\t\t<div class=\"elementor-widget-container\">\n\t\t\t\t\t\t\t\t\t<p>En 2008, l&rsquo;entreprise individuelle a \u00e9t\u00e9 transform\u00e9e en SARL JOUVE Jean-Louis et Fils. Leur entreprise est bas\u00e9e dans les Hautes-Alpes, au D\u00e9voluy, o\u00f9 ils ont fait construire un nouvel atelier en septembre 2014.<\/p>\t\t\t\t\t\t\t\t<\/div>\n\t\t\t\t<\/div>\n\t\t\t\t<div class=\"elementor-element elementor-element-759ba1b elementor-widget elementor-widget-text-editor\" data-id=\"759ba1b\" data-element_type=\"widget\" data-e-type=\"widget\" data-widget_type=\"text-editor.default\">\n\t\t\t\t<div class=\"elementor-widget-container\">\n\t\t\t\t\t\t\t\t\t<p>Depuis les deux activit\u00e9s se c\u00f4toient : la fabrication de diverses structures m\u00e9talliques, notamment garde-corps, escaliers, pergolas, portes de hangar, marquises, garages, et abris pour les activit\u00e9s pastorales ou de loisir en local. Les abris mobiles sont vendus dans toute la France et une partie de l&rsquo;Europe.<\/p>\t\t\t\t\t\t\t\t<\/div>\n\t\t\t\t<\/div>\n\t\t\t\t\t<\/div>\n\t\t\t\t<\/div>\n\t\t\t\t<\/div>\n\t\t","protected":false},"excerpt":{"rendered":"<p>Comment un r\u00eave d\u2019enfant change la vie d\u2019une famille ? Les Abris Mobiles Il a fallu attendre plus de 30 ans pour que les conditions id\u00e9ales soient r\u00e9unies pour que le r\u00eave d&rsquo;avoir \u00e0 un cheval \u00e0 la maison se concr\u00e9tise pour Sandrine, la m\u00e8re de famille. L&rsquo;arriv\u00e9e de Dj\u00e9lia, une jument trotteuse de 6 [&hellip;]<\/p>\n","protected":false},"author":1,"featured_media":0,"parent":0,"menu_order":0,"comment_status":"closed","ping_status":"closed","template":"elementor_header_footer","meta":{"ocean_post_layout":"","ocean_both_sidebars_style":"","ocean_both_sidebars_content_width":0,"ocean_both_sidebars_sidebars_width":0,"ocean_sidebar":"","ocean_second_sidebar":"","ocean_disable_margins":"enable","ocean_add_body_class":"","ocean_shortcode_before_top_bar":"","ocean_shortcode_after_top_bar":"","ocean_shortcode_before_header":"","ocean_shortcode_after_header":"","ocean_has_shortcode":"","ocean_shortcode_after_title":"","ocean_shortcode_before_footer_widgets":"","ocean_shortcode_after_footer_widgets":"","ocean_shortcode_before_footer_bottom":"","ocean_shortcode_after_footer_bottom":"","ocean_display_top_bar":"default","ocean_display_header":"default","ocean_header_style":"","ocean_center_header_left_menu":"","ocean_custom_header_template":"","ocean_custom_logo":0,"ocean_custom_retina_logo":0,"ocean_custom_logo_max_width":0,"ocean_custom_logo_tablet_max_width":0,"ocean_custom_logo_mobile_max_width":0,"ocean_custom_logo_max_height":0,"ocean_custom_logo_tablet_max_height":0,"ocean_custom_logo_mobile_max_height":0,"ocean_header_custom_menu":"","ocean_menu_typo_font_family":"","ocean_menu_typo_font_subset":"","ocean_menu_typo_font_size":0,"ocean_menu_typo_font_size_tablet":0,"ocean_menu_typo_font_size_mobile":0,"ocean_menu_typo_font_size_unit":"px","ocean_menu_typo_font_weight":"","ocean_menu_typo_font_weight_tablet":"","ocean_menu_typo_font_weight_mobile":"","ocean_menu_typo_transform":"","ocean_menu_typo_transform_tablet":"","ocean_menu_typo_transform_mobile":"","ocean_menu_typo_line_height":0,"ocean_menu_typo_line_height_tablet":0,"ocean_menu_typo_line_height_mobile":0,"ocean_menu_typo_line_height_unit":"","ocean_menu_typo_spacing":0,"ocean_menu_typo_spacing_tablet":0,"ocean_menu_typo_spacing_mobile":0,"ocean_menu_typo_spacing_unit":"","ocean_menu_link_color":"","ocean_menu_link_color_hover":"","ocean_menu_link_color_active":"","ocean_menu_link_background":"","ocean_menu_link_hover_background":"","ocean_menu_link_active_background":"","ocean_menu_social_links_bg":"","ocean_menu_social_hover_links_bg":"","ocean_menu_social_links_color":"","ocean_menu_social_hover_links_color":"","ocean_disable_title":"default","ocean_disable_heading":"default","ocean_post_title":"","ocean_post_subheading":"","ocean_post_title_style":"","ocean_post_title_background_color":"","ocean_post_title_background":0,"ocean_post_title_bg_image_position":"","ocean_post_title_bg_image_attachment":"","ocean_post_title_bg_image_repeat":"","ocean_post_title_bg_image_size":"","ocean_post_title_height":0,"ocean_post_title_bg_overlay":0.5,"ocean_post_title_bg_overlay_color":"","ocean_disable_breadcrumbs":"default","ocean_breadcrumbs_color":"","ocean_breadcrumbs_separator_color":"","ocean_breadcrumbs_links_color":"","ocean_breadcrumbs_links_hover_color":"","ocean_display_footer_widgets":"default","ocean_display_footer_bottom":"default","ocean_custom_footer_template":"","footnotes":""},"class_list":["post-11","page","type-page","status-publish","hentry","entry"],"yoast_head":"<!-- This site is optimized with the Yoast SEO plugin v27.6 - https:\/\/yoast.com\/product\/yoast-seo-wordpress\/ -->\n<title>L&#039;entreprise - D\u00e9voluy M\u00e9tallerie JOUVE<\/title>\n<meta name=\"robots\" content=\"index, follow, max-snippet:-1, max-image-preview:large, max-video-preview:-1\" \/>\n<link rel=\"canonical\" href=\"https:\/\/metallerie.jouve-jl-et-fils.com\/index.php\/lentreprise\/\" \/>\n<meta property=\"og:locale\" content=\"fr_FR\" \/>\n<meta property=\"og:type\" content=\"article\" \/>\n<meta property=\"og:title\" content=\"L&#039;entreprise - D\u00e9voluy M\u00e9tallerie JOUVE\" \/>\n<meta property=\"og:description\" content=\"Comment un r\u00eave d\u2019enfant change la vie d\u2019une famille ? Les Abris Mobiles Il a fallu attendre plus de 30 ans pour que les conditions id\u00e9ales soient r\u00e9unies pour que le r\u00eave d&rsquo;avoir \u00e0 un cheval \u00e0 la maison se concr\u00e9tise pour Sandrine, la m\u00e8re de famille. L&rsquo;arriv\u00e9e de Dj\u00e9lia, une jument trotteuse de 6 [&hellip;]\" \/>\n<meta property=\"og:url\" content=\"https:\/\/metallerie.jouve-jl-et-fils.com\/index.php\/lentreprise\/\" \/>\n<meta property=\"og:site_name\" content=\"D\u00e9voluy M\u00e9tallerie JOUVE\" \/>\n<meta property=\"article:modified_time\" content=\"2023-10-17T15:20:38+00:00\" \/>\n<meta name=\"twitter:card\" content=\"summary_large_image\" \/>\n<meta name=\"twitter:label1\" content=\"Dur\u00e9e de lecture estim\u00e9e\" \/>\n\t<meta name=\"twitter:data1\" content=\"2 minutes\" \/>\n<script type=\"application\/ld+json\" class=\"yoast-schema-graph\">{\"@context\":\"https:\\\/\\\/schema.org\",\"@graph\":[{\"@type\":\"WebPage\",\"@id\":\"https:\\\/\\\/metallerie.jouve-jl-et-fils.com\\\/index.php\\\/lentreprise\\\/\",\"url\":\"https:\\\/\\\/metallerie.jouve-jl-et-fils.com\\\/index.php\\\/lentreprise\\\/\",\"name\":\"L'entreprise - D\u00e9voluy M\u00e9tallerie JOUVE\",\"isPartOf\":{\"@id\":\"https:\\\/\\\/metallerie.jouve-jl-et-fils.com\\\/#website\"},\"datePublished\":\"2023-10-16T09:05:13+00:00\",\"dateModified\":\"2023-10-17T15:20:38+00:00\",\"breadcrumb\":{\"@id\":\"https:\\\/\\\/metallerie.jouve-jl-et-fils.com\\\/index.php\\\/lentreprise\\\/#breadcrumb\"},\"inLanguage\":\"fr-FR\",\"potentialAction\":[{\"@type\":\"ReadAction\",\"target\":[\"https:\\\/\\\/metallerie.jouve-jl-et-fils.com\\\/index.php\\\/lentreprise\\\/\"]}]},{\"@type\":\"BreadcrumbList\",\"@id\":\"https:\\\/\\\/metallerie.jouve-jl-et-fils.com\\\/index.php\\\/lentreprise\\\/#breadcrumb\",\"itemListElement\":[{\"@type\":\"ListItem\",\"position\":1,\"name\":\"Accueil\",\"item\":\"https:\\\/\\\/metallerie.jouve-jl-et-fils.com\\\/\"},{\"@type\":\"ListItem\",\"position\":2,\"name\":\"L&rsquo;entreprise\"}]},{\"@type\":\"WebSite\",\"@id\":\"https:\\\/\\\/metallerie.jouve-jl-et-fils.com\\\/#website\",\"url\":\"https:\\\/\\\/metallerie.jouve-jl-et-fils.com\\\/\",\"name\":\"D\u00e9voluy M\u00e9tallerie JOUVE\",\"description\":\"Du m\u00e9tal dans votre d\u00e9cor\",\"potentialAction\":[{\"@type\":\"SearchAction\",\"target\":{\"@type\":\"EntryPoint\",\"urlTemplate\":\"https:\\\/\\\/metallerie.jouve-jl-et-fils.com\\\/?s={search_term_string}\"},\"query-input\":{\"@type\":\"PropertyValueSpecification\",\"valueRequired\":true,\"valueName\":\"search_term_string\"}}],\"inLanguage\":\"fr-FR\"}]}<\/script>\n<!-- \/ Yoast SEO plugin. -->","yoast_head_json":{"title":"L'entreprise - D\u00e9voluy M\u00e9tallerie JOUVE","robots":{"index":"index","follow":"follow","max-snippet":"max-snippet:-1","max-image-preview":"max-image-preview:large","max-video-preview":"max-video-preview:-1"},"canonical":"https:\/\/metallerie.jouve-jl-et-fils.com\/index.php\/lentreprise\/","og_locale":"fr_FR","og_type":"article","og_title":"L'entreprise - D\u00e9voluy M\u00e9tallerie JOUVE","og_description":"Comment un r\u00eave d\u2019enfant change la vie d\u2019une famille ? Les Abris Mobiles Il a fallu attendre plus de 30 ans pour que les conditions id\u00e9ales soient r\u00e9unies pour que le r\u00eave d&rsquo;avoir \u00e0 un cheval \u00e0 la maison se concr\u00e9tise pour Sandrine, la m\u00e8re de famille. L&rsquo;arriv\u00e9e de Dj\u00e9lia, une jument trotteuse de 6 [&hellip;]","og_url":"https:\/\/metallerie.jouve-jl-et-fils.com\/index.php\/lentreprise\/","og_site_name":"D\u00e9voluy M\u00e9tallerie JOUVE","article_modified_time":"2023-10-17T15:20:38+00:00","twitter_card":"summary_large_image","twitter_misc":{"Dur\u00e9e de lecture estim\u00e9e":"2 minutes"},"schema":{"@context":"https:\/\/schema.org","@graph":[{"@type":"WebPage","@id":"https:\/\/metallerie.jouve-jl-et-fils.com\/index.php\/lentreprise\/","url":"https:\/\/metallerie.jouve-jl-et-fils.com\/index.php\/lentreprise\/","name":"L'entreprise - D\u00e9voluy M\u00e9tallerie JOUVE","isPartOf":{"@id":"https:\/\/metallerie.jouve-jl-et-fils.com\/#website"},"datePublished":"2023-10-16T09:05:13+00:00","dateModified":"2023-10-17T15:20:38+00:00","breadcrumb":{"@id":"https:\/\/metallerie.jouve-jl-et-fils.com\/index.php\/lentreprise\/#breadcrumb"},"inLanguage":"fr-FR","potentialAction":[{"@type":"ReadAction","target":["https:\/\/metallerie.jouve-jl-et-fils.com\/index.php\/lentreprise\/"]}]},{"@type":"BreadcrumbList","@id":"https:\/\/metallerie.jouve-jl-et-fils.com\/index.php\/lentreprise\/#breadcrumb","itemListElement":[{"@type":"ListItem","position":1,"name":"Accueil","item":"https:\/\/metallerie.jouve-jl-et-fils.com\/"},{"@type":"ListItem","position":2,"name":"L&rsquo;entreprise"}]},{"@type":"WebSite","@id":"https:\/\/metallerie.jouve-jl-et-fils.com\/#website","url":"https:\/\/metallerie.jouve-jl-et-fils.com\/","name":"D\u00e9voluy M\u00e9tallerie JOUVE","description":"Du m\u00e9tal dans votre d\u00e9cor","potentialAction":[{"@type":"SearchAction","target":{"@type":"EntryPoint","urlTemplate":"https:\/\/metallerie.jouve-jl-et-fils.com\/?s={search_term_string}"},"query-input":{"@type":"PropertyValueSpecification","valueRequired":true,"valueName":"search_term_string"}}],"inLanguage":"fr-FR"}]}},"_links":{"self":[{"href":"https:\/\/metallerie.jouve-jl-et-fils.com\/index.php\/wp-json\/wp\/v2\/pages\/11","targetHints":{"allow":["GET"]}}],"collection":[{"href":"https:\/\/metallerie.jouve-jl-et-fils.com\/index.php\/wp-json\/wp\/v2\/pages"}],"about":[{"href":"https:\/\/metallerie.jouve-jl-et-fils.com\/index.php\/wp-json\/wp\/v2\/types\/page"}],"author":[{"embeddable":true,"href":"https:\/\/metallerie.jouve-jl-et-fils.com\/index.php\/wp-json\/wp\/v2\/users\/1"}],"replies":[{"embeddable":true,"href":"https:\/\/metallerie.jouve-jl-et-fils.com\/index.php\/wp-json\/wp\/v2\/comments?post=11"}],"version-history":[{"count":7,"href":"https:\/\/metallerie.jouve-jl-et-fils.com\/index.php\/wp-json\/wp\/v2\/pages\/11\/revisions"}],"predecessor-version":[{"id":33,"href":"https:\/\/metallerie.jouve-jl-et-fils.com\/index.php\/wp-json\/wp\/v2\/pages\/11\/revisions\/33"}],"wp:attachment":[{"href":"https:\/\/metallerie.jouve-jl-et-fils.com\/index.php\/wp-json\/wp\/v2\/media?parent=11"}],"curies":[{"name":"wp","href":"https:\/\/api.w.org\/{rel}","templated":true}]}}